 7) in base 4?
1301
-11 (base 8) to base 10
-9
What is 2 (base 16) in base 2?
10
What is -9 (base 13) in base 2?
-1001
Convert 4 (base 12) to base 14.
4
Convert -5 (base 6) to base 7.
-5
40 (base 5) to base 3
202
What is 4 (base 12) in base 11?
4
What is 10201 (base 3) in base 6?
244
What is -443 (base 5) in base 10?
-123
23 (base 6) to base 3
120
What is 27 (base 8) in base 9?
25
What is -301 (base 6) in base 10?
-109
What is -2 (base 16) in base 13?
-2
Convert -100 (base 3) to base 8.
-11
What is -74 (base 14) in base 11?
-93
Convert -244 (base 5) to base 11.
-68
Convert -111 (base 3) to base 13.
-10
What is -85 (base 15) in base 7?
-236
What is 21 (base 4) in base 10?
9
Convert 2 (base 11) to base 14.
2
Convert 1 (base 13) to base 9.
1
What is 0 (base 13) in base 3?
0
What is 3 (base 16) in base 5?
3
-115 (base 12) to base 3
-12222
What is -1000000 (base 2) in base 8?
-100
-1 (base 6) to base 14
-1
What is 110 (base 6) in base 11?
39
What is -3 (base 7) in base 6?
-3
Convert -100010 (base 2) to base 11.
-31
What is 12 (base 8) in base 4?
22
Convert -22 (base 6) to base 16.
-e
What is -3 (base 7) in base 4?
-3
Convert -10 (base 4) to base 3.
-11
Convert 16 (base 12) to base 11.
17
What is -2340 (base 5) in base 7?
-1002
3 (base 12) to base 7
3
What is -11 (base 12) in base 9?
-14
Convert 1 (base 15) to base 12.
1
What is -e (base 15) in base 6?
-22
Convert 3 (base 9) to base 7.
3
2 (base 9) to base 3
2
Convert -102 (base 5) to base 10.
-27
What is -165 (base 11) in base 16?
-c0
What is 2 (base 7) in base 15?
2
Convert 82 (base 10) to base 8.
122
d (base 16) to base 4
31
What is 9 (base 15) in base 2?
1001
What is -4 (base 10) in base 4?
-10
Convert -1 (base 14) to base 5.
-1
Convert -4 (base 7) to base 8.
-4
What is -76 (base 8) in base 13?
-4a
-77 (base 15) to base 8
-160
What is -267 (base 11) in base 10?
-315
3131 (base 4) to base 5
1341
Convert -4 (base 9) to base 2.
-100
Convert 2233 (base 4) to base 16.
af
What is 0 (base 15) in base 3?
0
Convert 56 (base 8) to base 6.
114
Convert -3 (base 15) to base 13.
-3
-55 (base 10) to base 16
-37
What is -5 (base 11) in base 10?
-5
Convert -1 (base 10) to base 8.
-1
Convert 3 (base 16) to base 10.
3
What is -25 (base 9) in base 13?
-1a
What is 3 (base 4) in base 10?
3
What is 10 (base 11) in base 9?
12
Convert -16b (base 12) to base 16.
-e3
Convert 1 (base 2) to base 5.
1
-6d (base 15) to base 5
-403
15 (base 12) to base 7
23
What is -11 (base 11) in base 15?
-c
-136 (base 9) to base 15
-79
What is 110 (base 2) in base 11?
6
What is -1000 (base 3) in base 10?
-27
What is be (base 15) in base 10?
179
-45 (base 15) to base 4
-1001
What is 1131 (base 5) in base 11?
141
Convert -6 (base 9) to base 15.
-6
Convert 5 (base 12) to base 9.
5
What is 344 (base 8) in base 14?
124
Convert 2 (base 15) to base 8.
2
Convert -48 (base 12) to base 3.
-2002
What is -11 (base 2) in base 12?
-3
31 (base 14) to base 8
53
-9 (base 13) to base 9
-10
Convert -44 (base 5) to base 6.
-40
Convert -3 (base 5) to base 3.
-10
What is 1120 (base 3) in base 4?
222
Convert -114 (base 8) to base 3.
-2211
What is 111 (base 12) in base 4?
2131
What is -5 (base 9) in base 13?
-5
What is 1 (base 14) in base 15?
1
Convert -1303 (base 5) to base 2.
-11001011
Convert 2 (base 16) to base 7.
2
-27 (base 9) to base 14
-1b
3 (base 9) to base 7
3
Convert -2 (base 3) to base 16.
-2
Convert 281 (base 11) to base 5.
2311
7 (base 11) to base 3
21
Convert 104 (base 5) to base 7.
41
What is 0 (base 4) in base 10?
0
Convert -22 (base 3) to base 11.
-8
Convert -19 (base 13) to base 12.
-1a
Convert -208 (base 13) to base 3.
-110211
-116 (base 9) to base 7
-165
-51 (base 15) to base 3
-2211
What is -11010 (base 3) in base 10?
-111
What is -1 (base 7) in base 2?
-1
Convert -13 (base 5) to base 13.
-8
4 (base 11) to base 7
4
What is -3 (base 14) in base 8?
-3
-9c (base 15) to base 8
-223
-81 (base 13) to base 6
-253
Convert -11 (base 3) to base 14.
-4
What is 1c (base 13) in base 16?
19
-66 (base 11) to base 10
-72
44 (base 7) to base 16
20
Convert 31 (base 6) to base 5.
34
Convert -70 (base 10) to base 16.
-46
Convert 24 (base 5) to base 11.
13
Convert -46 (base 13) to base 5.
-213
59 (base 13) to base 6
202
What is 45 (base 9) in base 8?
51
What is 20 (base 4) in base 9?
8
What is -161 (base 12) in base 10?
-217
Convert 1 (base 13) to base 7.
1
Convert 0 (base 3) to base 12.
0
-1 (base 3) to base 2
-1
What is -134 (base 9) in base 12?
-94
Convert -4 (base 11) to base 14.
-4
10 (base 9) to base 5
14
What is 146 (base 12) in base 6?
530
4 (base 14) to base 3
11
Convert -13 (base 11) to base 10.
-14
24 (base 10) to base 4
120
Convert 1 (base 4) to base 15.
1
-44 (base 6) to base 15
-1d
-11 (base 4) to base 14
-5
What is -12111 (base 4) in base 14?
-20d
21 (base 15) to base 9
34
What is 102 (base 6) in base 13?
2c
a (base 16) to base 6
14
38 (base 12) to base 15
2e
Convert 1000 (base 3) to base 5.
102
What is a (base 13) in base 12?
a
Convert -43 (base 16) to base 10.
-67
Convert -3 (base 10) to base 15.
-3
Convert 2 (base 7) to base 8.
2
Convert -11 (base 16) to base 3.
-122
What is 24 (base 10) in base 7?
33
-10 (base 2) to base 7
-2
Convert 10 (base 2) to base 5.
2
-5 (base 16) to base 8
-5
What is 13 (base 7) in base 10?
10
Convert -10 (base 3) to base 11.
-3
1 (base 16) to base 11
1
What is 13 (base 14) in base 15?
12
Convert -32 (base 9) to base 14.
-21
Convert -3 (base 15) to base 14.
-3
What is -2 (base 13) in base 5?
-2
What is -38 (base 9) in base 13?
-29
1 (base 12) to base 11
1
11 (base 2) to base 13
3
15 (base 13) to base 7
24
Convert 102 (base 3) to base 12.
b
5 (base 8) to base 13
5
-501 (base 6) to base 10
-181
Convert -3 (base 6) to base 7.
-3
Convert 1 (base 12) to base 9.
1
What is -62 (base 11) in base 3?
-2112
4 (base 6) to base 8
4
-2 (base 12) to base 7
-2
0 (base 14) to base 6
0
Convert 2121 (base 4) to base 13.
ba
Convert 19 (base 15) to base 10.
24
a9 (base 15) to base 4
2133
Convert 62 (base 7) to base 3.
1122
-200 (base 4) to base 7
-44
What is 4 (base 8) in base 15?
4
-1 (base 14) to base 4
-1
What is -11 (base 3) in base 15?
-4
132 (base 5) to base 7
60
101 (base 2) to base 3
12
What is -111 (base 2) in base 14?
-7
1024 (base 6) to base 16
e8
What is -3 (base 16) in base 9?
-3
What is 0 (base 11) in base 8?
0
a (base 13) to base 6
14
Convert 42 (base 6) to base 5.
101
What is 8 (base 11) in base 8?
10
Convert 3e (base 16) to base 11.
57
What is 0 (base 2) in base 16?
0
What is -1 (base 3) in base 11?
-1
Convert -14 (base 10) to base 6.
-22
What is 2220 (base 4) in base 14?
c0
Convert 10011101 (base 2) to base 3.
12211
7 (base 16) to base 8
7
What is -41 (base 6) in base 2?
-11001
What is 3 (base 6) in base 13?
3
What is 54 (base 14) in base 11?
68
162 (base 8) to base 3
11020
What is 0 (base 15) in base 4?
0
131 (base 5) to base 3
1112
What is 21 (base 5) in base 14?
b
Convert -27 (base 11) to base 10.
-29
15 (base 10) to base 16
f
What is -5 (base 8) in base 16?
-5
What is -22 (base 3) in base 12?
-8
What is -143 (base 5) in base 6?
-120
0 (base 6) to base 9
0
What is 12 (base 4) in base 16?
6
Convert -17 (base 9) to base 2.
-10000
What is -81 (base 10) in base 5?
-311
-5 (base 12) to base 3
-12
What is -1e (base 16) in base 15?
-20
-13 (base 4) to base 10
-7
0 (base 15) to base 14
0
Convert -3 (base 7) to base 8.
-3
What is 3 (base 14) in base 8?
3
-6a (base 12) to base 13
-64
Convert 58 (base 13) to base 3.
2201
20 (base 6) to base 5
22
What is 10122 (base 3) in base 14?
70
Convert -18 (base 11) to base 6.
-31
-4 (base 8) to base 14
-4
b5 (base 13) to base 7
301
Convert -15 (base 6) to base 5.
-21
Convert -3 (base 6) to base 15.
-3
What is 3 (base 14) in base 11?
3
What is 0 (base 14) in base 4?
0
What is 3 (base 14) in base 3?
10
Convert 7 (base 15) to base 4.
13
Convert 2 (base 12) to base 9.
2
Convert 25 (base 15) to base 2.
100011
Convert -2 (base 15) to base 11.
-2
-10101 (base 3) to base 12
-77
What is -5 (base 8) in base 6?
-5
What is 4 (base 11) in base 12?
4
Convert -b (base 12) to base 10.
-11
Convert -3 (base 7) to base 5.
-3
141 (base 11) to base 9
204
1 (base 13) to base 16
1
-3 (base 7) to base 4
-3
2 (base 4) to base 14
2
Convert -5 (base 11) to base 5.
-10
-5 (base 13) to base 11
-5
Convert -3 (base 1